{"id":17,"date":"2016-04-16T11:01:39","date_gmt":"2016-04-16T09:01:39","guid":{"rendered":"http:\/\/vethermitage.fr\/WP\/?page_id=17"},"modified":"2025-06-04T11:35:42","modified_gmt":"2025-06-04T09:35:42","slug":"page-daccueil","status":"publish","type":"page","link":"https:\/\/www.vethermitage.fr\/","title":{"rendered":"Bienvenue \u00e0 la Clinique V\u00e9t\u00e9rinaire de L&rsquo;Hermitage"},"content":{"rendered":"<p><img loading=\"lazy\" decoding=\"async\" class=\"wp-image-336 alignright\" src=\"http:\/\/www.vethermitage.fr\/wp-content\/uploads\/2025\/05\/1000024656-300x225.jpg\" alt=\"\" width=\"500\" height=\"375\" srcset=\"https:\/\/www.vethermitage.fr\/wp-content\/uploads\/2025\/05\/1000024656-300x225.jpg 300w, https:\/\/www.vethermitage.fr\/wp-content\/uploads\/2025\/05\/1000024656-700x525.jpg 700w, https:\/\/www.vethermitage.fr\/wp-content\/uploads\/2025\/05\/1000024656-768x576.jpg 768w, https:\/\/www.vethermitage.fr\/wp-content\/uploads\/2025\/05\/1000024656-1536x1152.jpg 1536w, https:\/\/www.vethermitage.fr\/wp-content\/uploads\/2025\/05\/1000024656-2048x1536.jpg 2048w\" sizes=\"auto, (max-width: 500px) 100vw, 500px\" \/><\/p>\n<p>&nbsp;<\/p>\n<p><em><strong>NEW<\/strong><\/em><em><strong>S<\/strong><\/em><\/p>\n<p>&nbsp;<\/p>\n<div id=\"mtphr-dnt-145\" class=\"mtphr-dnt mtphr-dnt-145 mtphr-dnt-default mtphr-dnt-scroll mtphr-dnt-scroll-up\"><div class=\"mtphr-dnt-wrapper mtphr-dnt-clearfix\"><div class=\"mtphr-dnt-tick-container\"><div class=\"mtphr-dnt-tick-contents\"><div class=\"mtphr-dnt-tick mtphr-dnt-default-tick mtphr-dnt-clearfix \"><a href=\"https:\/\/www.facebook.com\/veterinairehermitage\/\" target=\"_blank\">Suivez toute l&rsquo;actualit\u00e9 de la clinique sur notre page Facebook.\r\n<\/a><\/div><div class=\"mtphr-dnt-tick mtphr-dnt-default-tick mtphr-dnt-clearfix \"><a href=\"https:\/\/clubvetshop.fr\/\" target=\"_blank\">Boutique en ligne :\r\nRetrouvez alimentation et accessoires \u00e0 prix r\u00e9duit sur notre site partenaire ClubVetshop !<\/a><\/div><div class=\"mtphr-dnt-tick mtphr-dnt-default-tick mtphr-dnt-clearfix \">L&rsquo;\u00e9quipe s&rsquo;agrandit !\r\nBienvenue \u00e0 Marie qui vient compl\u00e9ter l&rsquo;\u00e9quipe des auxiliaires v\u00e9t\u00e9rinaires !<\/div><\/div><\/div><\/div><\/div>\n<p>&nbsp;<\/p>\n<p>&nbsp;<\/p>\n<p>&nbsp;<\/p>\n<p>&nbsp;<\/p>\n<p>&nbsp;<\/p>\n<p>&nbsp;<\/p>\n\n\n<p><\/p>\n\n\n\n<p><\/p>\n","protected":false},"excerpt":{"rendered":"<p>&nbsp; NEWS &nbsp; &nbsp; &nbsp; &nbsp; &nbsp; &nbsp; &nbsp;<\/p>\n","protected":false},"author":1,"featured_media":336,"parent":0,"menu_order":0,"comment_status":"closed","ping_status":"closed","template":"","meta":{"footnotes":""},"class_list":["post-17","page","type-page","status-publish","has-post-thumbnail","hentry"],"_links":{"self":[{"href":"https:\/\/www.vethermitage.fr\/index.php\/wp-json\/wp\/v2\/pages\/17","targetHints":{"allow":["GET"]}}],"collection":[{"href":"https:\/\/www.vethermitage.fr\/index.php\/wp-json\/wp\/v2\/pages"}],"about":[{"href":"https:\/\/www.vethermitage.fr\/index.php\/wp-json\/wp\/v2\/types\/page"}],"author":[{"embeddable":true,"href":"https:\/\/www.vethermitage.fr\/index.php\/wp-json\/wp\/v2\/users\/1"}],"replies":[{"embeddable":true,"href":"https:\/\/www.vethermitage.fr\/index.php\/wp-json\/wp\/v2\/comments?post=17"}],"version-history":[{"count":26,"href":"https:\/\/www.vethermitage.fr\/index.php\/wp-json\/wp\/v2\/pages\/17\/revisions"}],"predecessor-version":[{"id":353,"href":"https:\/\/www.vethermitage.fr\/index.php\/wp-json\/wp\/v2\/pages\/17\/revisions\/353"}],"wp:featuredmedia":[{"embeddable":true,"href":"https:\/\/www.vethermitage.fr\/index.php\/wp-json\/wp\/v2\/media\/336"}],"wp:attachment":[{"href":"https:\/\/www.vethermitage.fr\/index.php\/wp-json\/wp\/v2\/media?parent=17"}],"curies":[{"name":"wp","href":"https:\/\/api.w.org\/{rel}","templated":true}]}}