{"id":28,"date":"2016-04-17T13:01:46","date_gmt":"2016-04-17T11:01:46","guid":{"rendered":"http:\/\/vethermitage.fr\/WP\/?page_id=28"},"modified":"2025-05-22T16:28:29","modified_gmt":"2025-05-22T14:28:29","slug":"nos-horaires","status":"publish","type":"page","link":"https:\/\/www.vethermitage.fr\/index.php\/nos-horaires\/","title":{"rendered":"Nos horaires"},"content":{"rendered":"<p><span style=\"color: #000000;\">La clinique est ouverte :<\/span><\/p>\n<p style=\"text-align: center;\"><span style=\"color: #000000;\">Du Lundi au Vendredi :\u00a08h-12h et 14h-19h<\/span><\/p>\n<p style=\"text-align: center;\"><span style=\"color: #000000;\">Le\u00a0Samedi :\u00a09h-12h30<\/span><\/p>\n<p><span style=\"color: #000000;\">En dehors des heures d&rsquo;ouverture, un service d&rsquo;urgences est assur\u00e9 \u00e0 V\u00e9t\u00e9rinaire de Toutes Urgences (V2TU), 6-10 Rue du Bourg Nouveau, 35000 Rennes :<\/span><\/p>\n<p style=\"text-align: center;\"><span style=\"color: #000000;\"><strong>02 99 41 16 46<\/strong><\/span><\/p>\n<p><span style=\"color: #000000;\">Pour toute urgence, vous pouvez \u00e9galement contacter VetoAdom (V\u00e9t\u00e9rinaire \u00e0 domicile) au :<\/span><\/p>\n<p style=\"text-align: center;\"><span style=\"color: #000000;\"><strong>02 57 67 68 68<\/strong><\/span><\/p>\n","protected":false},"excerpt":{"rendered":"<p>La clinique est ouverte : Du Lundi au Vendredi :\u00a08h-12h et 14h-19h Le\u00a0Samedi :\u00a09h-12h30 En dehors des heures d&rsquo;ouverture, un service d&rsquo;urgences est assur\u00e9 \u00e0 V\u00e9t\u00e9rinaire de Toutes Urgences (V2TU), 6-10 Rue du Bourg Nouveau, 35000 Rennes : 02 99 41 16 46 Pour toute urgence, vous pouvez \u00e9galement contacter VetoAdom (V\u00e9t\u00e9rinaire \u00e0 domicile) au <a class=\"read-more\" href=\"https:\/\/www.vethermitage.fr\/index.php\/nos-horaires\/\">Read More<\/a><\/p>\n","protected":false},"author":1,"featured_media":0,"parent":0,"menu_order":5,"comment_status":"closed","ping_status":"closed","template":"","meta":{"footnotes":""},"class_list":["post-28","page","type-page","status-publish","hentry"],"_links":{"self":[{"href":"https:\/\/www.vethermitage.fr\/index.php\/wp-json\/wp\/v2\/pages\/28","targetHints":{"allow":["GET"]}}],"collection":[{"href":"https:\/\/www.vethermitage.fr\/index.php\/wp-json\/wp\/v2\/pages"}],"about":[{"href":"https:\/\/www.vethermitage.fr\/index.php\/wp-json\/wp\/v2\/types\/page"}],"author":[{"embeddable":true,"href":"https:\/\/www.vethermitage.fr\/index.php\/wp-json\/wp\/v2\/users\/1"}],"replies":[{"embeddable":true,"href":"https:\/\/www.vethermitage.fr\/index.php\/wp-json\/wp\/v2\/comments?post=28"}],"version-history":[{"count":9,"href":"https:\/\/www.vethermitage.fr\/index.php\/wp-json\/wp\/v2\/pages\/28\/revisions"}],"predecessor-version":[{"id":341,"href":"https:\/\/www.vethermitage.fr\/index.php\/wp-json\/wp\/v2\/pages\/28\/revisions\/341"}],"wp:attachment":[{"href":"https:\/\/www.vethermitage.fr\/index.php\/wp-json\/wp\/v2\/media?parent=28"}],"curies":[{"name":"wp","href":"https:\/\/api.w.org\/{rel}","templated":true}]}}