{"id":60,"date":"2016-09-11T10:36:04","date_gmt":"2016-09-11T08:36:04","guid":{"rendered":"http:\/\/vethermitage.fr\/WP\/?page_id=60"},"modified":"2017-08-05T15:10:07","modified_gmt":"2017-08-05T13:10:07","slug":"laboratoire-danalyses","status":"publish","type":"page","link":"https:\/\/www.vethermitage.fr\/index.php\/nos-services\/laboratoire-danalyses\/","title":{"rendered":"Laboratoire d&rsquo;Analyses"},"content":{"rendered":"<p>Nous pouvons r\u00e9aliser sur place des <strong>analyses de sang<\/strong> (num\u00e9ration formule sanguine et biochimie) et des <strong>analyses d&rsquo;urines<\/strong>. Les r\u00e9sultats sont obtenus en quelques minutes.<\/p>\n<p><img loading=\"lazy\" decoding=\"async\" class=\"alignnone size-medium wp-image-224 aligncenter\" src=\"http:\/\/www.vethermitage.fr\/wp-content\/uploads\/2016\/09\/IMG_0537-300x200.jpg\" alt=\"\" width=\"300\" height=\"200\" srcset=\"https:\/\/www.vethermitage.fr\/wp-content\/uploads\/2016\/09\/IMG_0537-300x200.jpg 300w, https:\/\/www.vethermitage.fr\/wp-content\/uploads\/2016\/09\/IMG_0537-768x512.jpg 768w, https:\/\/www.vethermitage.fr\/wp-content\/uploads\/2016\/09\/IMG_0537-700x467.jpg 700w\" sizes=\"auto, (max-width: 300px) 100vw, 300px\" \/><\/p>\n<p>Cela nous permet notamment de r\u00e9aliser des bilans de sant\u00e9, des bilans pr\u00e9-anesth\u00e9siques, d&rsquo;explorer les fonctions r\u00e9nales, h\u00e9patiques, de diagnostiquer le diab\u00e8te&#8230;<\/p>\n<p><img loading=\"lazy\" decoding=\"async\" class=\"size-medium wp-image-225 alignleft\" src=\"http:\/\/www.vethermitage.fr\/wp-content\/uploads\/2016\/09\/IMG_0541-300x200.jpg\" alt=\"\" width=\"300\" height=\"200\" srcset=\"https:\/\/www.vethermitage.fr\/wp-content\/uploads\/2016\/09\/IMG_0541-300x200.jpg 300w, https:\/\/www.vethermitage.fr\/wp-content\/uploads\/2016\/09\/IMG_0541-768x512.jpg 768w, https:\/\/www.vethermitage.fr\/wp-content\/uploads\/2016\/09\/IMG_0541-700x467.jpg 700w\" sizes=\"auto, (max-width: 300px) 100vw, 300px\" \/><\/p>\n<p>Le <strong>microsco<\/strong><strong>pe<\/strong> nous est utile pour diagnostiquer certaines maladies dermatologiques, mais \u00e9galement pour la caract\u00e9risation de pathologies sanguines ou urinaires, pour le suivi des chaleurs (r\u00e9alisation de frottis)&#8230;<\/p>\n<p>&nbsp;<\/p>\n<p>&nbsp;<\/p>\n<p>&nbsp;<\/p>\n<p>&nbsp;<\/p>\n<p>\r\n\t\t\t\t\t\n\r\n\t\t\t\t\t<!-- START UNITE GALLERY 1.7.62 -->\r\n\t\t\t\t\t\r\n\t\t\t\t\n\t\t\t<div id='unitegallery_3_1' class='unite-gallery' style='margin:0px auto;'>\n\t\t\t\t\n\n\t\t\t\t\t\t<img alt=\"Malasseziose\"\n\t\t\t\t\t\t     src=\"\" data-image=\"https:\/\/www.vethermitage.fr\/wp-content\/uploads\/2016\/09\/dermatologie.jpg\"\n\t\t\t\t\t\t     data-thumb=\"https:\/\/www.vethermitage.fr\/wp-content\/uploads\/2016\/09\/dermatologie-300x267.jpg\"\n\t\t\t\t\t\t     title=\"\"\n\t\t\t\t\t\t     style=\"display:none\">\n\n\t\t\t\t\t\t<img alt=\"Pyodermite\"\n\t\t\t\t\t\t     src=\"\" data-image=\"https:\/\/www.vethermitage.fr\/wp-content\/uploads\/2016\/09\/bacteries.jpg\"\n\t\t\t\t\t\t     data-thumb=\"https:\/\/www.vethermitage.fr\/wp-content\/uploads\/2016\/09\/bacteries-300x237.jpg\"\n\t\t\t\t\t\t     title=\"\"\n\t\t\t\t\t\t     style=\"display:none\">\n\t\t\t<\/div>\n\n\t\t\t<script type='text\/javascript'>\n\t\t\t\twindow.onload = function(e) {\n\t\t\t\t\tif(typeof ugCheckForErrors == \"undefined\"){\n\t\t\t\t\t\tdocument.getElementById(\"unitegallery_3_1\").innerHTML = \"<span style='color:red'>Unite Gallery Error - gallery js and css files not included in the footer. Please make sure that wp_footer() function is added to your theme.<\/span>\";}\n\t\t\t\t\telse{ ugCheckForErrors(\"unitegallery_3_1\", \"jquery\");}\n\t\t\t\t};\n\t\t\t<\/script>\n\n\t\t\t<!-- END UNITEGALLERY --><\/p>\n","protected":false},"excerpt":{"rendered":"<p>Nous pouvons r\u00e9aliser sur place des analyses de sang (num\u00e9ration formule sanguine et biochimie) et des analyses d&rsquo;urines. Les r\u00e9sultats sont obtenus en quelques minutes. Cela nous permet notamment de r\u00e9aliser des bilans de sant\u00e9, des bilans pr\u00e9-anesth\u00e9siques, d&rsquo;explorer les fonctions r\u00e9nales, h\u00e9patiques, de diagnostiquer le diab\u00e8te&#8230; Le microscope nous est utile pour diagnostiquer certaines <a class=\"read-more\" href=\"https:\/\/www.vethermitage.fr\/index.php\/nos-services\/laboratoire-danalyses\/\">Read More<\/a><\/p>\n","protected":false},"author":1,"featured_media":0,"parent":24,"menu_order":3,"comment_status":"closed","ping_status":"closed","template":"","meta":{"footnotes":""},"class_list":["post-60","page","type-page","status-publish","hentry"],"_links":{"self":[{"href":"https:\/\/www.vethermitage.fr\/index.php\/wp-json\/wp\/v2\/pages\/60","targetHints":{"allow":["GET"]}}],"collection":[{"href":"https:\/\/www.vethermitage.fr\/index.php\/wp-json\/wp\/v2\/pages"}],"about":[{"href":"https:\/\/www.vethermitage.fr\/index.php\/wp-json\/wp\/v2\/types\/page"}],"author":[{"embeddable":true,"href":"https:\/\/www.vethermitage.fr\/index.php\/wp-json\/wp\/v2\/users\/1"}],"replies":[{"embeddable":true,"href":"https:\/\/www.vethermitage.fr\/index.php\/wp-json\/wp\/v2\/comments?post=60"}],"version-history":[{"count":7,"href":"https:\/\/www.vethermitage.fr\/index.php\/wp-json\/wp\/v2\/pages\/60\/revisions"}],"predecessor-version":[{"id":226,"href":"https:\/\/www.vethermitage.fr\/index.php\/wp-json\/wp\/v2\/pages\/60\/revisions\/226"}],"up":[{"embeddable":true,"href":"https:\/\/www.vethermitage.fr\/index.php\/wp-json\/wp\/v2\/pages\/24"}],"wp:attachment":[{"href":"https:\/\/www.vethermitage.fr\/index.php\/wp-json\/wp\/v2\/media?parent=60"}],"curies":[{"name":"wp","href":"https:\/\/api.w.org\/{rel}","templated":true}]}}